ds digit of 1955899153?
1
What is the hundred millions digit of 1848890344?
8
What is the units digit of 12352213?
3
What is the thousands digit of 1012063767?
3
What is the tens digit of 1460325380?
8
What is the units digit of 14585242?
2
What is the hundreds digit of 85110327?
3
What is the ten millions digit of 9251626826?
5
What is the hundreds digit of 287700846?
8
What is the thousands digit of 52765510?
5
What is the hundreds digit of 23599658?
6
What is the hundred thousands digit of 29223754?
2
What is the hundred millions digit of 530621810?
5
What is the hundreds digit of 36192101?
1
What is the ten millions digit of 1144109947?
4
What is the units digit of 50327092?
2
What is the ten millions digit of 567006758?
6
What is the ten millions digit of 95437689?
9
What is the millions digit of 70207424?
0
What is the hundred thousands digit of 228054934?
0
What is the ten millions digit of 401040249?
0
What is the hundred thousands digit of 22596083?
5
What is the hundred millions digit of 2021636074?
0
What is the hundred thousands digit of 1206025413?
0
What is the hundred thousands digit of 33781484?
7
What is the ten millions digit of 704371179?
0
What is the thousands digit of 43973093?
3
What is the units digit of 61541721?
1
What is the millions digit of 21552306?
1
What is the ten thousands digit of 260484474?
8
What is the hundred thousands digit of 180774587?
7
What is the units digit of 2000987078?
8
What is the units digit of 165895514?
4
What is the hundreds digit of 2273890524?
5
What is the units digit of 2547151397?
7
What is the tens digit of 473698827?
2
What is the tens digit of 3445701153?
5
What is the hundred thousands digit of 392056210?
0
What is the units digit of 22644510?
0
What is the tens digit of 1996984512?
1
What is the tens digit of 39342100?
0
What is the hundred millions digit of 156684772?
1
What is the hundred thousands digit of 258367801?
3
What is the ten millions digit of 24131632?
2
What is the millions digit of 438476215?
8
What is the hundred thousands digit of 152438085?
4
What is the units digit of 422849141?
1
What is the tens digit of 1595102363?
6
What is the ten millions digit of 33666153?
3
What is the ten millions digit of 13887030?
1
What is the hundred millions digit of 898577066?
8
What is the thousands digit of 494553332?
3
What is the units digit of 1997766022?
2
What is the ten thousands digit of 1738209535?
0
What is the hundred thousands digit of 571520088?
5
What is the ten thousands digit of 377004044?
0
What is the hundred millions digit of 913912797?
9
What is the tens digit of 359747252?
5
What is the ten thousands digit of 5854857987?
5
What is the tens digit of 349498458?
5
What is the thousands digit of 1780533679?
3
What is the ten millions digit of 534856533?
3
What is the hundred millions digit of 326056224?
3
What is the ten thousands digit of 172481894?
8
What is the ten millions digit of 35163363?
3
What is the hundred thousands digit of 230610577?
6
What is the tens digit of 404892626?
2
What is the ten millions digit of 737824617?
3
What is the thousands digit of 1398513626?
3
What is the thousands digit of 5802553?
2
What is the millions digit of 123243634?
3
What is the tens digit of 34182950?
5
What is the units digit of 99997951?
1
What is the hundreds digit of 861287234?
2
What is the thousands digit of 4676689?
6
What is the millions digit of 12120370?
2
What is the hundred thousands digit of 26269335?
2
What is the millions digit of 102049880?
2
What is the thousands digit of 890618647?
8
What is the millions digit of 196761840?
6
What is the millions digit of 261107384?
1
What is the billions digit of 4825994895?
4
What is the ten thousands digit of 169208295?
0
What is the hundred thousands digit of 3713610516?
6
What is the ten millions digit of 1143920610?
4
What is the thousands digit of 386316553?
6
What is the hundred thousands digit of 270485160?
4
What is the hundreds digit of 766586736?
7
What is the ten thousands digit of 367655?
6
What is the thousands digit of 90827376?
7
What is the ten millions digit of 24335770?
2
What is the units digit of 177844148?
8
What is the ten thousands digit of 60566458?
6
What is the hundred thousands digit of 93388182?
3
What is the millions digit of 315589471?
5
What is the tens digit of 48306065?
6
What is the hundreds digit of 221639611?
6
What is the ten millions digit of 369287162?
6
What is the ten thousands digit of 2499128294?
2
What is the tens digit of 39915092?
9
What is the tens digit of 598286866?
6
What is the units digit of 96994760?
0
What is the tens digit of 147099602?
0
What is the hundred millions digit of 1660433581?
6
What is the hundred thousands digit of 45591851?
5
What is the units digit of 40656676?
6
What is the ten thousands digit of 165138466?
3
What is the hundreds digit of 1913789741?
7
What is the units digit of 102165163?
3
What is the ten thousands digit of 29282480?
8
What is the tens digit of 6281749874?
7
What is the units digit of 104370670?
0
What is the ten millions digit of 179410887?
7
What is the ten millions digit of 2060839193?
6
What is the hundred thousands digit of 1415969866?
9
What is the tens digit of 1778965794?
9
What is the hundred thousands digit of 614737888?
7
What is the millions digit of 20069680?
0
What is the hundred thousands digit of 872055558?
0
What is the units digit of 4776108133?
3
What is the hundreds digit of 55929373?
3
What is the hundred millions digit of 186431227?
1
What is the tens digit of 173293363?
6
What is the units digit of 30057479?
9
What is the hundred millions digit of 273113069?
2
What is the millions digit of 118186644?
8
What is the units digit of 40362685?
5
What is the hundred thousands digit of 1469750566?
7
What is the ten thousands digit of 1885103897?
0
What is the ten thousands digit of 494319156?
1
What is the hundreds digit of 76754404?
4
What is the units digit of 171109425?
5
What is the tens digit of 254247134?
3
What is the hundreds digit of 68272028?
0
What is the tens digit of 5575500?
0
What is the millions digit of 45932629?
5
What is the thousands digit of 26152228?
2
What is the hundred millions digit of 5420782401?
4
What is the hundred millions digit of 400028836?
4
What is the ten millions digit of 48375950?
4
What is the hundreds digit of 6504104847?
8
What is the hundreds digit of 757191044?
0
What is the units digit of 33219720?
0
What is the hundred millions digit of 100336519?
1
What is the units digit of 155509395?
5
What is the hundred thousands digit of 352591977?
5
What is the thousands digit of 340433862?
3
What is the millions digit of 4114961?
4
What is the ten millions digit of 120259268?
2
What is the hundred thousands digit of 284666205?
6
What is the ten millions digit of 38640406?
3
What is the thousands digit of 1513624523?
4
What is the hundreds digit of 2250193305?
3
What is the tens digit of 526326775?
7
What is the hundreds digit of 182000026?
0
What is the millions digit of 3764647693?
4
What is the hundred thousands digit of 51573459?
5
What is the millions digit of 6645734110?
5
What is the ten thousands digit of 119404274?
0
What is the billions digit of 7639276562?
7
What is the ten millions digit of 119789826?
1
What is the ten millions digit of 10438036?
1
What is the ten millions digit of 243020923?
4
What is the hundred thousands digit of 7863803?
8
What is the hundreds digit of 2155171937?
9
What is the tens digit of 19705628?
2
What is the thousands digit of 2101773417?
3
What is the hundred millions digit of 238381613?
2
What is the millions digit of 980059900?
0
What is the millions digit of 303614783?
3
What is the units digit of 945212172?
2
What is the hundred millions digit of 1109594867?
1
What is the ten millions digit of 3558659349?
5
What is the tens digit of 141221808?
0
What is the hundreds digit of 51241871?
8
What is the hundreds digit of 5068929021?
0
What is the units digit of 3505372353?
3
What is the hundred thousands digit of 1377621314?
6
What is the thousands digit of 12957783?
7
What is the thousands digit of 3414228243?
8
What is the tens digit of 56479640?
4
What is the ten millions digit of 2399619396?
9
What is the hundred thousands digit